sor of h and n?
5
Suppose -44 + 650 = 53*m + 23. What is the highest common factor of m and 61193?
11
Suppose 4*k - 8*k - 7*j + 17013 = 0, k - 2*j - 4242 = 0. What is the greatest common divisor of k and 72?
72
Let t be 0 + 0 - 172/(-2). Suppose -43*a = 115*a + 20*a - 36846. Let p = a - t. Calculate the highest common factor of p and 11.
11
Let z be (-17)/221 - 7284/(-52). What is the highest common divisor of 1148 and z?
28
Suppose -1991 - 8964 = -5*b + 5*a, 0 = -b - 5*a + 2227. Calculate the greatest common divisor of b and 52.
13
Let r(y) = y**3 + 36*y**2 + 15*y - 685. Let a be r(-35). What is the greatest common factor of 312 and a?
3
Let f be 20/(7/84*3*22/143). What is the highest common factor of 1950 and f?
130
Let y(k) = 5632*k + 50721. Let w be y(-9). Let c be (-1)/(-1) + 0 + 1. Let o be 1*c - (1 + -21). Calculate the greatest common factor of o and w.
11
Let c = -9580 - -10645. Calculate the greatest common factor of 435 and c.
15
Let j be (-9)/6*26/(-3) + -1. Calculate the highest common divisor of 426 and j.
6
Let g(r) = 15*r**3 - 9*r**2 + 24*r - 52. Let q be g(4). Calculate the highest common factor of 129 and q.
43
Suppose -4*r + 1190 = 3*s, -44*r - 4*s = -42*r - 600. What is the greatest common factor of 112 and r?
8
Let c = 179 + -174. Let f be -1*(0 - 2) - (c - 303). What is the highest common factor of 120 and f?
60
Let i be 0 + (21/(-6) - (-1)/2). Let s be i + 7 + 7 + 3. What is the highest common factor of 406 and s?
14
Let f be 49888/80 + 4/((-60)/9). Let q = f + -602. What is the greatest common factor of 168 and q?
21
Let a = 37053 + -37038. Calculate the highest common divisor of a and 3855.
15
Let z be (-5186)/6 - (-4)/(-6). Let l = z + 1469. Suppose l + 836 = 16*f. Calculate the greatest common divisor of f and 36.
18
Let z(j) = -2*j**2 - 1338*j - 11857. Let s be z(-9). Let f = -102 + 194. What is the highest common divisor of f and s?
23
Let s be (5 - (-456)/(-88)) + 5/(330/15324). What is the highest common factor of s and 551?
29
Let v(i) = 31*i**2 + 1. Let t be v(-1). Suppose -3*m + 70*n - 73*n + 27 = 0, 20 = 3*m + 4*n. Calculate the greatest common divisor of t and m.
16
Let z = -20470 + 23278. What is the highest common factor of 16 and z?
8
Let h be 1072/5*(335 - 330). What is the greatest common factor of h and 1876?
268
Let x = -260 + 349. Let z = x + -26. What is the greatest common divisor of 7 and z?
7
Let b(v) = 14736*v**2 + 30*v + 29. Let f be b(-1). Let a be 2 - ((-2)/(-8) + f/(-28)). What is the greatest common divisor of 33 and a?
33
Suppose 1 = -4*r + 9, r + 2 = -4*q. Let m be ((18/21)/3)/(q/(-14)). Let v be 5 - (-1 - 1 - -3). What is the highest common divisor of m and v?
4
Suppose 5 = 67*h - 66*h, -510 = -5*g + 3*h. What is the highest common factor of 595 and g?
35
Let h(s) = -s**3 - 103*s**2 - 55*s + 4882. Let l be h(-102). Calculate the greatest common factor of l and 248.
8
Let o(m) = 6 + 4 - m - 4. Let s be o(2). What is the greatest common factor of 1 and s?
1
Let w(o) = -17*o + 233. Let l = 513 - 503. Let r be w(l). Calculate the greatest common divisor of r and 27.
9
Suppose 0 = j + 3*s - 138, 209*s = -5*j + 206*s + 678. Calculate the highest common divisor of j and 300.
15
Suppose 0 = 3*s - 13*s + 290. Suppose -27*b + s*b = 52. Suppose 586 = 5*r + b. What is the highest common factor of r and 14?
14
Let n = 5402 - 4890. Let k(i) = -i**3 + 9*i**2 + 2*i - 10. Let c be k(9). Calculate the highest common factor of c and n.
8
Suppose -a - 3*m + 10858 = 0, 65*m + 54360 = 5*a + 66*m. Calculate the greatest common divisor of a and 83.
83
Suppose 3314 = 2*w + 2*b - 1206, 0 = -w + 4*b + 2245. Calculate the greatest common divisor of 111 and w.
37
Let v be (38 - 10) + -15 - 8. Suppose 305 = 5*o - 0*o. Let a = o - 21. Calculate the highest common divisor of v and a.
5
Let q(f) be the first derivative of -29*f**2/2 + 40*f - 119. Let c be q(1). Calculate the greatest common factor of 440 and c.
11
Let b be (-6)/(-21)*1*-7*-23. What is the highest common factor of 2231 and b?
23
Let l(f) = 3*f**2 + f + 26. Let k be l(0). Suppose 26*v - 12*v - 1820 = 0. What is the greatest common factor of v and k?
26
Let c(m) = 52*m**3 - 21*m**2 + 40*m + 14. Let f be c(5). What is the greatest common divisor of 3 and f?
3
Suppose 4*k - 20 = 2*k + 4*j, 3*k - j - 25 = 0. Let f be 7/14 + 158/k*2. What is the highest common factor of 90 and f?
10
Let g = 1 + 1. Let y be (1/g)/(2/756). Let r be (3045/(-120) - -22)*-8. Calculate the highest common factor of r and y.
27
Suppose -5*g + 3*v + 348 = 0, 3*v + 0*v = 3*g - 204. Let y = 47 - 8. Let b = -31 + y. Calculate the greatest common divisor of b and g.
8
Let h(p) = 1118*p + 8218. Let x be h(-7). Calculate the highest common divisor of 644 and x.
28
Suppose 19712 = 20*r + 2*r + 6*r. What is the greatest common divisor of r and 88?
88
Suppose k - 5*h - 77 = 0, 67 = -3*k + 2*h + 233. What is the greatest common factor of 316 and k?
4
Let b be 8/(8 + (-1708)/214). What is the highest common factor of b and 4?
4
Let u(k) = 2*k**2 + 21*k + 12. Let o be u(-10). Suppose 8 = 5*z - 3*x, -13*x = o*z - 11*x. What is the greatest common divisor of 1 and z?
1
Let v be (-3)/(-2)*(4/(-10) + 832/780). Calculate the highest common divisor of 459 and v.
1
Let h = -13967 - -14363. What is the greatest common factor of h and 5588?
44
Suppose 0 = -3*o + 504 + 2268 + 276. Calculate the greatest common divisor of o and 72.
8
Let i be -148*(1 + -3) + 4. Suppose 10*l - 14*l + i = 0. What is the highest common divisor of 5 and l?
5
Suppose -612 = 2*a + 22. Let o = a - -337. What is the greatest common divisor of 100 and o?
20
Let i be (0 - 0)/(-2) + (-12 - -7) + 3060. Calculate the highest common factor of 705 and i.
235
Suppose -3*i - 4*d = -964, -i + 4*d - 96 = -380. What is the highest common divisor of 2028 and i?
156
Let p be ((-12)/45)/((-10)/(-45))*70/(-28). Suppose -2*b - 2*b + 12 = 0. Let d(j) = 2*j**2 + 3*j. Let w be d(b). What is the highest common divisor of w and p?
3
Suppose 0 = -50*k - 148*k + 42768. Calculate the highest common divisor of 10152 and k.
216
Let m(f) = f**2 - 7*f - 27. Let q be m(10). Suppose 6*p = -q*p + 54. Let b be 4/18 + (-480)/(-27). What is the highest common divisor of p and b?
6
Suppose -59475 = -81*x - 7797. Calculate the greatest common factor of x and 1740.
58
Suppose 0 = -3*p - 3*p + 248 + 52. Calculate the greatest common divisor of 1775 and p.
25
Let b be 25 + 1 + (-168)/14. Let y(f) = 13*f + 2. Let j be (3/9)/(5/30). Let o be y(j). Calculate the highest common divisor of b and o.
14
Let h be 16 + 38/57 + (-28)/6. Suppose 0 = -8*w + 4*w + h. Let s(y) = -y + 11. Let c be s(8). What is the greatest common factor of c and w?
3
Let s(t) = 65*t**2 + 27*t + 110. Let u be s(-6). Calculate the greatest common factor of u and 1040.
208
Let z = -6 + 34. Let r be 3*z/9*12. Let b(n) = -247*n - 11593. Let j be b(-47). What is the greatest common factor of j and r?
16
Let v = -3390 + 3705. Calculate the greatest common factor of v and 504.
63
Let y = 14472 - 14292. Calculate the greatest common divisor of 2460 and y.
60
Let g = -1154 + 1674. Calculate the highest common factor of 650 and g.
130
Let j(c) = -19*c**3 + 4*c**2 - 5*c + 81. Let h be j(-5). What is the highest common divisor of h and 116?
29
Let w(y) = 5*y**2 - 6*y + 5. Let o be w(-3). Let a be (77/14)/(-1 - (-69)/o). What is the highest common factor of a and 68?
34
Let a = -2 - 4. Let w be (-2)/(-8) - (a - (-150)/24). Suppose w = -h - 3*x + 42, -h - x + 34 = 2. Calculate the greatest common factor of 108 and h.
27
Suppose 0 = 5*a - h + 246, 5*a = 5*h - 209 - 21. Let m = -30 - a. Suppose -5*y - 29 = -79. What is the greatest common factor of y and m?
10
Suppose i + 232 = -b - 3*b, -3*b + 6 = 0. Let c = 251 + i. What is the highest common divisor of 209 and c?
11
Suppose 297*f - 295*f = -n + 218, -4*f + 28 = 0. Calculate the greatest common factor of n and 1668.
12
Let q(c) = -406*c + 1708. Let r be q(4). What is the highest common factor of r and 276?
12
Let p be (-220)/(-15)*12/(-8). Let f(m) = -13*m - 278. Let w be f(p). Calculate the highest common factor of 64 and w.
8
Let k(n) = -50*n. Let h be k(-2). Suppose -491 = -10*r + 49. Suppose -46*p + r*p = 160. Calculate the highest common divisor of h and p